08
25db890 (base 14) to base 15
191121d
-13321004 (base 7) to base 3
-2022121001212
44029 (base 14) to base 13
59c56
What is -49506 (base 12) in base 11?
-68602
Convert -160836 (base 9) to base 6.
-2042440
Convert -77380 (base 10) to base 8.
-227104
What is -a4577 (base 11) in base 2?
-100101001101100111
What is 7795a22 (base 11) in base 9?
27641802
-1626556 (base 8) to base 12
-1a8266
1002112100122020 (base 3) to base 14
212774d
What is -2543113 (base 6) in base 16?
-21b55
What is -1663172 (base 8) in base 10?
-484986
What is -c2776 (base 13) in base 2?
-1010101000011110110
Convert 122121001 (base 3) to base 9.
18531
Convert -10120240 (base 6) to base 14.
-77b8c
Convert 439da (base 15) to base 12.
a4407
What is a3782a (base 12) in base 9?
4736787
What is -301682 (base 9) in base 6?
-3454032
Convert -212100201330 (base 4) to base 13.
-2101c35
What is -6a611c (base 13) in base 10?
-2526744
3474 (base 13) to base 2
1110011000010
518456 (base 9) to base 12
12a2b9
What is 14b0a08 (base 14) in base 13?
212a818
-35c44 (base 13) to base 11
-68215
What is -97695 (base 10) in base 15?
-1de30
Convert 4335154 (base 7) to base 12.
216887
-1a2475 (base 11) to base 7
-2432541
Convert c07d3 (base 15) to base 6.
21020413
What is 5460b (base 12) in base 8?
331553
Convert -c0c6 (base 16) to base 5.
-3034400
Convert 10121110000100 (base 3) to base 12.
785b60
What is 455140 (base 7) in base 2?
10011110010000001
101010120001 (base 3) to base 6
4135131
Convert 111000202202 (base 3) to base 5.
31201224
268526 (base 9) to base 11
102011
Convert 5f73de (base 16) to base 5.
3100134312
20442211 (base 5) to base 9
281287
10101001101001000001 (base 2) to base 8
2515101
122000203 (base 4) to base 6
2141111
Convert 8fe0 (base 16) to base 5.
2134312
Convert -23386 (base 12) to base 15.
-deb0
What is 1014044 (base 6) in base 15?
e714
-9c2e4 (base 16) to base 5
-130432331
Convert -1147734 (base 9) to base 12.
-260257
-466090 (base 14) to base 10
-2398382
-312443 (base 9) to base 16
-2d4b9
What is 31135d (base 15) in base 9?
4345107
Convert 123362 (base 8) to base 3.
2011121220
-111110010111110001000000 (base 2) to base 13
-3506123
3673497 (base 10) to base 4
32000312121
Convert -12ea80 (base 16) to base 7.
-13352141
What is -1a234 (base 11) in base 3?
-1102201120
40b8a (base 16) to base 7
2152611
What is -3463473 (base 8) in base 2?
-11100110011100111011
Convert -121432 (base 8) to base 12.
-201b6
31eb9c (base 15) to base 3
11110211212010
What is -28ab00 (base 12) in base 5?
-133314131
Convert 17664 (base 9) to base 3.
121202011
522f7 (base 16) to base 12
142987
Convert -26021634 (base 7) to base 3.
-11102211011210
-10102013013 (base 4) to base 3
-2010001010200
-122222222110 (base 3) to base 5
-42314104
What is -1587078 (base 9) in base 7?
-10342163
What is -23526 (base 7) in base 8?
-13720
11021232 (base 6) to base 12
13a818
-3213445 (base 9) to base 5
-420042114
What is 1393aa3 (base 11) in base 12?
974187
Convert 3fce9b (base 16) to base 4.
33330322123
120334034 (base 5) to base 14
107832
Convert -1202043 (base 7) to base 10.
-151980
Convert -3314870 (base 9) to base 15.
-252d73
1569365 (base 13) to base 9
13837652
Convert -12001222000001 (base 3) to base 16.
-2922a3
-a5ba4 (base 13) to base 10
-298588
What is -63320 (base 10) in base 4?
-33131120
-36f0 (base 16) to base 9
-21256
Convert 168e5 (base 15) to base 2.
10001110010111010
Convert 1315572 (base 10) to base 12.
5353b0
Convert -56017 (base 11) to base 9.
-133352
What is -7880548 (base 9) in base 10?
-4245416
-12a1a3 (base 11) to base 2
-110001110001100101
Convert -25549 (base 14) to base 12.
-45011
What is 1f2ae4 (base 16) in base 2?
111110010101011100100
What is -53462414 (base 7) in base 15?
-5ee15e
-62bb50 (base 16) to base 10
-6470480
-111123020 (base 4) to base 13
-30c32
480765 (base 11) to base 3
1102201121111
63092 (base 11) to base 12
45258
What is 2b543 (base 13) in base 6?
1432301
What is -444379 (base 15) in base 6?
-153430053
-1eb54 (base 15) to base 2
-11000100001001101
-333dc (base 15) to base 11
-101415
Convert 22241434 (base 5) to base 9.
328476
-1101122112 (base 4) to base 15
-68c0c
What is -1244331131 (base 5) in base 3?
-12212112220212
What is 10000111100100000000011 (base 2) in base 3?
22100200102210
Convert 10d31bc (base 14) to base 7.
125214025
Convert -1100101011100101 (base 2) to base 12.
-26085
Convert -11936 (base 14) to base 12.
-20a50
What is -26482c (base 13) in base 2?
-11100001100111100010
2365246 (base 7) to base 5
34130342
-517852 (base 9) to base 5
-34320404
Convert -20795 (base 13) to base 7.
-332225
Convert 133423001 (base 5) to base 9.
1255013
616533 (base 8) to base 7
1510053
What is -2010110012200 (base 3) in base 5?
-242141312
-61631 (base 7) to base 6
-153425
Convert -20020111211 (base 3) to base 4.
-131333131
Convert 34cd1 (base 15) to base 3.
22112211021
-120676 (base 8) to base 4
-22012332
What is 10d09 (base 16) in base 2?
10000110100001001
What is -10001101011010110 (base 2) in base 16?
-11ad6
What is 1220342 (base 5) in base 10?
23222
What is -1110100101001101101 (base 2) in base 8?
-1645155
What is -73319 (base 16) in base 14?
-c3d45
505ab7 (base 13) to base 11
1067475
100000000101001001110101 (base 2) to base 10
8409717
Convert -db513 (base 14) to base 6.
-15212233
Convert -7d959e (base 16) to base 5.
-4101332202
1211211022 (base 3) to base 9
54738
-3043041 (base 6) to base 12
-70481
Convert 2b9156 (base 12) to base 2.
10110101000010010010
What is -19748 (base 13) in base 3?
-2112000012
What is 24624434 (base 7) in base 3?
11012001000102
1333213100 (base 4) to base 10
522704
Convert 978322 (base 11) to base 15.
20d18b
What is -326c99 (base 13) in base 4?
-10201220201
c7c71 (base 15) to base 14
12704b
What is -4645262 (base 9) in base 10?
-2510165
What is -167136 (base 10) in base 11?
-104632
Convert -202331044 (base 5) to base 7.
-10001016
Convert -4b9b9 (base 14) to base 12.
-8b613
Convert c9731 (base 16) to base 10.
825137
-a542 (base 15) to base 8
-104171
What is 69b38 (base 15) in base 5?
41233103
35741b (base 12) to base 8
3225227
-16aa26 (base 13) to base 16
-8a44f
34091 (base 13) to base 10
94589
Convert -1b6a02 (base 12) to base 15.
-99c28
What is 18dcb (base 16) in base 8?
306713
What is 119354 (base 10) in base 7?
1004654
Convert -443321 (base 6) to base 15.
-aea7
-12020020210 (base 3) to base 10
-102972
What is -311981 (base 11) in base 10?
-500303
What is -a1d1 (base 16) in base 13?
-15b17
What is -63444 (base 7) in base 15?
-4993
24353 (base 6) to base 16
e0d
3536024 (base 7) to base 2
1101100111100110101
Convert -1011500234 (base 6) to base 16.
-9f59fe
-22002010201 (base 3) to base 11
-a9526
What is -a4931 (base 11) in base 5?
-14342412
What is 3232102122 (base 4) in base 16?
ee49a
Convert -3421303242 (base 5) to base 7.
-121425564
4971435 (base 10) to base 15
683040
Convert 7400493 (base 11) to base 12.
4451731
4368516 (base 9) to base 8
10752761
Convert -1023300233 (base 4) to base 15.
-61e2e
Convert 2ab9b (base 13) to base 8.
236267
-1011010100111001100100 (base 2) to base 5
-1230003223
4270613 (base 11) to base 14
dd764d
120230311 (base 5) to base 8
2074111
295150 (base 14) to base 8
5363362
Convert 10000011001110000111 (base 2) to base 8.
2031607
63623114 (base 7) to base 11
3059894
692403 (base 10) to base 15
da253
Convert 7443691 (base 10) to base 9.
15004737
Convert -102537 (base 14) to base 5.
-114404331
-de1d3 (base 16) to base 14
-1997a3
What is -76329 (base 12) in base 4?
-212011101
Convert 484269 (base 10) to base 3.
220121021220
20210022100 (base 3) to base 8
405000
-a220aa (base 11) to base 15
-226a4e
115425532 (base 6) to base 8
10377140
What is 1133200030 (base 4) in base 15?
7ad8a
Convert 12110002303 (base 4) to base 6.
55245511
-86377 (base 10) to base 14
-2369b
Convert -202433103 (base 5) to base 7.
-10013614
46055 (base 12) to base 3
11202002102
What is -7857 (base 15) in base 11?
-18189
What is 502510 (base 8) in base 3?
22101121020
-924a29 (base 12) to base 11
-1324023
-b1472 (base 15) to base 9
-1044808
-11133133301 (base 4) to base 9
-2633838
1231023211 (base 4) to base 15
8c78a
Convert -120021000123 (base 4) to base 3.
-102220111212020
What is 602304 (base 11) in base 7?
11145023
Convert 7326bb (base 12) to base 8.
6714157
W